546)/282 - (8/(-72))/((-2)/6). Determine r(d).
4
Let c(z) = z**3 - 7*z**2 + 3*z - 2. Suppose -2*i - 4 = -4*i. Suppose -i*x = -7*x + 60. Let h = x - 6. Determine c(h).
-20
Let n(x) = 3 + x + 33*x**2 - 112*x**2 + 37*x**2 + 41*x**2. Let z be 60/(-21) - (-4)/(-28). What is n(z)?
-9
Let l(w) = -11*w - 5. Let s(b) = -17*b - 7. Let g(h) = 6*h**2 - 1. Let n be g(1). Let a(c) = n*s(c) - 8*l(c). Calculate a(8).
29
Let s(i) be the first derivative of -5*i**2/2 + i + 467. Calculate s(-2).
11
Let b(r) = -545*r**2 - 102*r + 139. Let n(g) = 121*g**2 + 25*g - 35. Let v(y) = 2*b(y) + 9*n(y). Determine v(2).
1
Let d(c) = -16*c - 1. Let t(s) = 10*s - 6. Let o be t(6). Let q = o + -45. Suppose 4*a + q = n, -2*n + 13 = 3*n - 4*a. Give d(n).
-17
Let b = 31 - 30. Let r(i) = -28*i**2 + 4*i. Let x(k) = -111*k**2 + 18*k. Let u(c) = 9*r(c) - 2*x(c). Determine u(b).
-30
Let s(d) = -2*d**2 + 47*d - 71. Suppose -5*k + 92 = -k - 2*c, 4*c - 14 = -k. What is s(k)?
-5
Let b(l) = 4*l**2 + 343*l - 81. Let v be b(-86). Let y(n) = -n**3 + 2*n**2 + 7*n + 6. Give y(v).
-34
Suppose -2*h - 3*h + 100 = 0. Let b be (12/(-12))/((-2)/h). Suppose 9*v - b*v + 7 = 0. Let i(r) = r**3 - 8*r**2 + 9*r - 5. Determine i(v).
9
Let p(z) = z**2 - z + 1. Let l(o) = -2*o**2 - o - 7. Let d(a) = l(a) + 3*p(a). Suppose -1550 = 627*h + 331. Give d(h).
17
Let b(p) = 0 - 4 - 4*p - 64*p**2 + 0*p. Let j(z) = -16*z**2 - z - 1. Let k(g) = -2*b(g) + 9*j(g). Let c = -37549 + 37548. Give k(c).
-16
Let u(s) be the third derivative of -3*s**6/40 + s**5/15 - s**4/4 + s**3/2 - 4617*s**2. Give u(2).
-65
Let i(u) = 8*u + 18. Let b = 3143 + -3136. Give i(b).
74
Let i(d) be the third derivative of -d**4/4 + d**3/2 - 11*d**2 + 2. Let t be (2 - 8)/6*1. Calculate i(t).
9
Suppose -4*g + 160*k - 11 = 159*k, -3*g = -k + 7. Let s(y) = 3*y + 9. Calculate s(g).
-3
Let b(r) = -3*r**3 - 23*r**2 - 28*r + 95. Let t(w) = -4*w**3 - 31*w**2 - 38*w + 127. Let z(d) = -15*b(d) + 11*t(d). Determine z(-6).
-112
Let x = 194 - 192. Suppose 3*o + m - 14 = 0, -x*m = 6*o - 8*o + 20. Let i(p) = p**3 - 7*p**2 + 4*p + 2. Calculate i(o).
-10
Let u(a) be the first derivative of 3*a**2/2 + 8*a + 929. Determine u(-3).
-1
Suppose 2*q - 10 = 3*l, -3*l + 20 = 2*q + 2*q. Suppose 0*a = -a + m - 10, -50 = q*a - 3*m. Let g(o) = o**3 + 10*o**2 + o + 9. Calculate g(a).
-1
Let g(w) = -w**3 + 52*w**2 + 52*w + 44. Let z(a) = -4*a**3 + 209*a**2 + 209*a + 177. Let c(o) = -9*g(o) + 2*z(o). Calculate c(51).
9
Let h(g) = g**2 + 2*g + 10. Suppose -31*p = 20*p. Determine h(p).
10
Let s(t) be the second derivative of t**3/6 - t**2 + 7713*t. Let k(a) = a**3 + 4*a**2 - 4*a + 6. Let h be k(-5). Suppose -5 + h = -4*z. Calculate s(z).
-1
Let d(b) = -5276*b + 5305*b + 5*b**2 - 9 + 0*b**2. Calculate d(-6).
-3
Let k(d) = -1. Let u(z) = -4*z - 3. Let x(v) = 4*k(v) - u(v). Let t = -115 - -127. Let l(f) = -7*f + 78. Let r be l(t). Calculate x(r).
-25
Let l = -827137 - -827149. Let n(i) = -11*i - 12 + i**2 - i - 2. What is n(l)?
-14
Let l(h) = h**3 - 10*h**2 - 19*h + 26. Let i(j) = j**3 - 10*j**2 - 16*j + 21. Let w(a) = 6*i(a) - 5*l(a). Calculate w(10).
-14
Let v(d) be the third derivative of -d**3/6 + 10*d**2. Let g(p) = p - 1. Let o = 34 + -35. Let b(s) = o*g(s) + v(s). What is b(1)?
-1
Suppose -4*v + 10 = -2*h, 11*v = 10*h + 14*v + 234. Let c(b) = 3*b**2 + 60*b - 38. Give c(h).
25
Let s(v) = -69*v + 3 + 32*v + 1 + 38*v. Let p(q) = -q**2 - 7*q - 15. Let t be p(-5). Give s(t).
-1
Suppose 214 = -4*w - 4*a + 146, -5*a = 2*w + 37. Let j(c) = c**3 + 14*c**2 - 32*c - 27. Determine j(w).
-27
Let t(z) = z**2 - 5*z - 5. Let u be t(6). Let v be 62/8 + (u/(-4))/(-1). Suppose -2*l + v - 1 = -3*k, -6 = -3*l + 3*k. Let w(o) = -5*o. Determine w(l).
5
Let r(k) = -k**3 + 18*k**2 + 39*k + 33. Suppose 1376 + 2212 = 180*u - 12. Determine r(u).
13
Suppose p + 11 = 16. Let r(i) = 2*i**3 + 4*i**2 - 2*i + 16. Let c(h) = -h**3 - 3*h**2 + h - 9. Let t(l) = p*c(l) + 3*r(l). Calculate t(3).
0
Let j(l) = -l**2 - 27*l - 84. Let d be j(-4). Let h(q) = q**3 + 17*q**2 + 0*q**3 - d*q**2 + 1573*q - 11 - 1574*q. Let r be -1 + (17 - 1)/(-2). What is h(r)?
-2
Let h(k) be the third derivative of -k**5/60 - k**4/3 + 2*k**3 - 138*k**2 + 3*k. Calculate h(-10).
-8
Let x(m) = -m**2 + 17*m + 30. Let f(z) = -2*z**2 - 62*z + 2977. Let b be f(26). Calculate x(b).
82
Let w(z) = -z + 11*z + z**3 + 590 - 8*z**2 + 586 - 1190. Calculate w(7).
7
Let d be (-4)/(-7)*(638/145)/(4/35). Let p(j) = -j**2 + 23*j - 3. Give p(d).
19
Let t(b) = -b**3 + 23 + 2198*b - 6*b**2 - 1060*b - 1097*b. What is t(-10)?
13
Let p be (-28)/(((-294)/2)/(-21)). Let k(q) = -3*q + 7. Let m(l) = -1. Let w(d) = -2*k(d) - 18*m(d). What is w(p)?
-20
Let f = -31195 - -31174. Let j(l) = -l**3 - 21*l**2 - 6*l - 103. Determine j(f).
23
Let i(c) be the third derivative of 0 - 2*c + 31*c**2 + 0*c**4 + 1/6*c**3 + 0*c**5 - 1/8*c**6. Give i(-1).
16
Let m(j) be the second derivative of -j**5/20 + 5*j**4/12 + j**2 - j. Let h = -813380 + 813384. Determine m(h).
18
Let y(u) be the second derivative of 5/12*u**4 - 1/3*u**3 + 3/2*u**2 - 1/20*u**5 - 42*u + 0. Give y(4).
11
Let a = 285 + -282. Suppose -a*c + 139 = 175. Let p(v) = v**3 + 12*v**2 - 16. Give p(c).
-16
Let y(f) = -116*f + 1750. Let p be y(15). Let t(s) = 10 + 5*s + 10*s - 5*s - s**2. Calculate t(p).
10
Let j(a) = 6*a**2 + 18 - 13*a**2 - 27*a + 39*a + 8*a**2. Give j(-3).
-9
Let w(y) be the third derivative of -y**5/60 + 29*y**4/24 - 27*y**3 + 5*y**2 - 3*y - 20. Calculate w(21).
6
Suppose 5*b + 405 = 5*w, 0*w - 171 = -2*w + 5*b. Let u = w - 72. Let r(z) = -u*z - 3*z - 4*z + 12*z. Give r(4).
-4
Let g(r) = r**2 - 4*r - 4. Let z(t) = t**3 - 12*t**2 + 5*t + 7. Let y be z(11). Let s = y + 101. Let c = s - 36. What is g(c)?
8
Let o be (-17 + 7)*(-42)/(-35). Let w(i) = -4*i - 55. Give w(o).
-7
Let c = 10 - 7. Suppose -c*i + 3*z = 36, -32 + 81 = -4*i + 5*z. Let k(b) be the first derivative of -b**4/4 - 4*b**3 - 5*b**2 + 7*b - 8841. Give k(i).
-4
Let c = 631 + -628. Let x(q) = 8 - 9*q**2 - 2*q + c*q**2 - q**3 - 7*q - 12 + 2*q. What is x(-5)?
6
Suppose -18*n - 64 = -19*n - 5*q, -4*n = -q - 151. Suppose -56*o = -n*o + 85. Let t(j) = -5*j - 5. What is t(o)?
20
Suppose 0 = 2*d + f + 24, 402*f = -3*d + 407*f - 23. Let y(w) = w**2 + 12*w - 1. Calculate y(d).
-12
Let v = 254 - 235. Suppose v*m + m = -7*m. Let c(i) = 3 + i - 2 + 2. Calculate c(m).
3
Let s(r) be the first derivative of 2/3*r**3 - 3*r + 1/2*r**2 + 36. Let d be (30/(-2))/3 - -1. Calculate s(d).
25
Let p(s) = 166*s - 1664. Let a be p(10). Let o(z) = 6*z + 19. Give o(a).
-5
Let u be (330/(-12))/(-11)*(-12)/(-30). Suppose -5*x = 4*h - 9*h + 10, 5*h - 40 = -5*x. Let l(m) = -m - 3*m**3 + m**3 + 1 - m**x. What is l(u)?
-3
Let z(m) be the first derivative of -m**4/4 - 2*m**3 + m**2 - 8*m + 1635. Give z(-7).
27
Suppose 0 = -558*k + 557*k - 3*s + 14, 3*k - s = 2. Let g(h) = -h**3 + 2*h**2 - 5. What is g(k)?
-5
Let m be (-6)/10 + 198/30 + -5. Suppose 3*p + 2 = -3*z - m, -p - 2*z = -3. Let r(k) = -4 - 2 - 5*k**2 - 6*k**3 + 5*k**3 - 2*k. What is r(p)?
4
Suppose 0 = -0*z - 2*z + 22. Let t(p) = p - 17. Let k be t(z). Let v(s) = s - 4*s - s + 3*s + 3. Give v(k).
9
Let a(j) = -55231*j**2 - 13*j + 44 + 55233*j**2 - j. Give a(6).
32
Let s(y) = y - 8. Let c be s(7). Let t = -1 + c. Let p(a) = 3*a - 4. Let x(j) = -14*j + 17. Let v(g) = -9*p(g) - 2*x(g). What is v(t)?
0
Let t(y) = 9*y**2 - 2*y + 1. Let n(v) = -19*v**3 + 96*v**2 - 7*v + 9. Let c be n(5). Calculate t(c).
12
Suppose 0 = 7822*w - 7823*w + 1, -3*w - 17 = 5*p. Let i(l) = -2*l**2 + 4*l + 6. Let b(f) = -3*f**2 + 4*f + 7. Let y(o) = -3*b(o) + 4*i(o). Determine y(p).
3
Let y be (0/(-17))/((0 - 1)*-1). Suppose -2*z + y + 10 = 0. Let l(s) = s + s**2 + 4*s**2 - 4 + s**3 - 5*s**2 - 5*s**2. Calculate l(z).
1
Let p be -2 - 2*(-10)/5. Suppose -4*s = -3*g - 6 - 14, p*s - 20 = 4*g. Let m(d) = -63 - 64 + 138 + 2*d**s - 3*d**2 + d. What is m(0)?
11
Let a(q) = 301*q + 292*q + 330*q - 39 + q**2 - 927*q. Determine a(-6).
21
Let v(w) = -w. Let u(b) = 12*b + 35. Let h(i) = u(i) + 6*v(i). Let a = 1459 - 1465. Let m be h(a). Let z(s) = -s - 2. Determine z(m).
-1
Let g(c) = 5*c - 6. Suppose -1433 = -12*d - 1361. Calculate g(d).
24
Suppose 0 = -3*d - 11 + 29. Suppose -4*s + 37 = 4*o - 9*s, -3*o + 5*s + 34 = 0. Let z(g) = 2*g**3 - 58*g**2 + 8 - 4*g**o + 3*g*